- (19 - -7)) + 13?
6
-9 - (-26 - -33 - (11 + -1)) - -1
-5
What is -30 - (23 + -44) - (3 - (7 - -3))?
-2
What is the value of 33 + (-32 - -32) - 7?
26
What is -7 + (1 - -11) + -2 + -2?
1
What is -21 - (6 - 4 - -1 - (1 + 6))?
-17
What is 18 + (-23 - 2 - -7) + 14?
14
Evaluate -12 + (-11 - -29) + -15.
-9
Calculate (2 + -10 + 5 - -7) + 0.
4
-1 + 6 + -15 + 0 + 4
-6
9 + -9 + 1 + -49 + 41 + 1
-6
Calculate (-9 - (19 + -14)) + 29.
15
Calculate 9 + 7 + -11 + (-3 - -4).
6
Calculate 1 + (-63 + 68 - (0 + 16)).
-10
What is -5 + (7 + 7 + -3 - 6)?
0
What is the value of 23 + (-8 - 4) + 1?
12
Evaluate -26 + -22 - (-19 - -3).
-32
Calculate 20 + -8 + -17 + 1 + 5.
1
(-10 + 2 - 1) + 2 + 14 + -14
-7
Calculate 1 + (-19 + 38 - 33).
-13
Calculate -10 - -16 - (-1 + 2 + -2 + 1).
6
-24 + (58 - 38) + -14 + 2
-16
(17 - 7) + -6 + 1 - (2 + -1)
4
(-569 - -557) + 3 + -1
-10
What is -1 + 15 - (-24 - (19 + -55) - 3)?
5
Calculate (-13 - -18 - (1 + -20)) + -10.
14
Evaluate 14 - 0 - (-149 - -170).
-7
Calculate -2 - (-1 + (3 - ((-2 - -7) + -1))).
0
Evaluate -12 + 0 - (-139 - -137).
-10
(-6 + 0 - (-359 + 350)) + -28
-25
What is 16 - (-7 + 24) - (2 - -2)?
-5
Calculate 4 + 3 + -11 + -7 + -10.
-21
-990 + 982 - (-2 + -1 - -1)
-6
Evaluate -1 - -1 - (500 + -507 + 0 + 17).
-10
What is (-52 - (5 - 27)) + 15?
-15
7 - (6 + 10) - -1
-8
What is the value of 56 + -56 + 12 + (-3 - (1 + 3))?
5
Evaluate -108 + 129 + -4 + -5.
12
-573 - -566 - (-10 - 1 - (-1 + 1))
4
-8 + (-3 - 1 - -10) + (-17 - -9)
-10
Calculate (11 - 1) + -5 - -2.
7
What is (-24 - -13 - -41) + -14?
16
What is 12 + -4 + -4 - 6 - 6?
-8
Evaluate (2 - 7) + 2 + 4 + (-39 - -25).
-13
What is -30 + 25 - 15 - -13?
-7
Evaluate 9 - 6 - (3 - (1 - (-5 + 11))).
-5
-2 + 3 + -2 - (-23 + 12 - -13)
-3
What is 28 + -6 + -11 + (12 - 4)?
19
What is 114 + -147 + -1 + 31?
-3
Calculate 11 - (-15 - -13) - (10 - 3).
6
What is -61 - -67 - (3 + (-3 - -1 - -4))?
1
(-30 + 22 - -16) + (7 - 1)
14
Calculate 11 + -6 + 3 + -20.
-12
(-18 - -13) + (35 - 17)
13
What is the value of 6 + ((-5 - -7) + -13 - 22) - 4?
-31
20 + 0 + (3 - -14 - 22 - -1)
16
What is the value of (-30 - -10) + 80 + -41?
19
-23 - (3 - 6) - (-5 + 12 + -15)
-12
Calculate (21 - -13) + (8 - 24).
18
Evaluate -22 + 11 + 13 - 12 - -4.
-6
What is the value of 11 + 1 + (1 - 10) + -8?
-5
Calculate -1 + (1 - -5) - (-49 - -55).
-1
Evaluate 18 - (10 - (-10 - (-18 - -1))).
15
What is -4 - (-4 + (-3 + -1 - 0) + 5)?
-1
What is (30 - 42) + -19 + 42?
11
What is -5 - (13 + -29 + (-4 - -13))?
2
Calculate 15 - 24 - (1 - 22).
12
-8 + ((-2 - 1) + 44 + -45 - -33)
21
What is the value of (31 - 13) + 13 + (-11 - (-2 - 1))?
23
What is (-1 - 11) + (-13 - -18)?
-7
Evaluate -2 + (9 - (10 - 7) - 6).
-2
-7 + 6 + (-9 - -11)
1
(0 - -3) + -3 + (18 - 2)
16
What is the value of 4 + (0 + -11 - -6) + 27 - -1?
27
What is the value of -8 + (12 + -17 - (8 - 2))?
-19
What is the value of 0 + 2 - 3 - (-18 + 34 + 2)?
-19
Evaluate (-83 - -87 - (-10 - 2)) + 13.
29
What is the value of 7 + -8 - (-22 - -25 - (-1 - -2))?
-3
What is -8 - (31 + -26 + -20)?
7
Calculate 3 + -2 - 6 - (5 + 27 - 35).
-2
What is the value of 11 + -5 + 1 - 1?
6
What is 1 + (-13 + -4 + -14 - -14)?
-16
What is -5 + 11 + 3 + (2 - 0 - 4)?
7
What is 25 - (-24 + 78) - -24?
-5
-4 - (-5 + (5 - (7 - 7)) + -22)
18
What is the value of -8 - (1 - ((-4 - -16) + (-1 - 2)))?
0
What is the value of -25 + ((1 - -11) + -11 - -15)?
-9
Evaluate -224 + 214 - (0 + -9 + 2).
-3
Calculate -37 + (0 - 0) - (103 - 116).
-24
-2 - -2 - (1 + -7 + 2) - 8
-4
Calculate (-7 - -3) + 1 + 0 - (30 + -25).
-8
Calculate 408 + -415 - (-1 + 5 - (7 + -6)).
-10
201 + -192 + (-1 - 1)
7
What is 35 + (33 - 50) - 21?
-3
What is the value of 24 - (4 + -1) - (-37 + 39)?
19
Calculate (217 - 210) + 1 + (2 - (3 + -2)).
9
What is 10 - (2 + (-3 - -19))?
-8
What is (-12 - (-7 + -4) - -14) + -11?
2
Evaluate -9 + 0 - (133 + -132).
-10
What is (20 - 39) + 15 - 2?
-6
Evaluate (8 - (5 - -5) - -8) + 24.
30
Calculate 13 + -11 + 17 + -29.
-10
Evaluate 10 + -7 + (-6 - (7 + -13)).
3
What is (37 - (-21 + 70)) + 1 + 2?
-9
What is the value of -35 + 16 - 30 - -33?
-16
10 - ((-37 - -4) + (20 - 4))
27
Evaluate (-3 - (-6 - -6) - 3 - -1) + -3.
-8
What is the value of -4 + -3 + -8 + 8 + 8?
1
(-615 - -615) + 0 + 2
2
Calculate 5 - (8 + -9) - (0 - (-1 + 7)).
12
What is the value of -10 - 13 - (8 + -13)?
-18
(-7 - -1) + (-2 - -11 - 6)
-3
What is -11 - (-4 - (-1 - 1)) - (-1964 - -1960)?
-5
Calculate 1 + 5 - (14 + (-24 - -25)).
-9
Calculate -4 - (-2 + (-8 - (6 + -10))) - 4.
-2
What is (-50 - -21) + 35 + -19?
-13
Calculate 9 - (5 + (13 - 21) + 2).
10
-1 + -31 + 47 + -48
-33
(-56 - -70 - ((4 - 0) + -11)) + -8
13
Evaluate -20 + (19 - 26) + (6 - -2) - -7.
-12
What is the value of (-1 - (-8 + 5)) + 4 + (-11 - -1)?
-4
Evaluate -17 + 2 + 13 + 12.
10
5 + (-3 - -5) + 6 + 10
23
What is 179 - 182 - (9 - (0 + -2))?
-14
(8 - (11 + 13 + -16)) + -25
-25
What is 4 - 2 - (0 + -3 + 11) - 14?
-20
Calculate -7 + (3 - ((3 - -6) + -11)).
-2
What is the value of 10 + -9 + 14 + 0 - 15?
0
5 - (8 + 7 + -12 + 1)
1
What is the value of (13 + -3 - -5) + -23?
-8
-5 + 1 + -217 + 248 - 7
20
Calculate 1 + 27 + -22 + 17.
23
Calculate -20 + 13 + (4 - -9).
6
What is (32 - (-27 + -1 + 18)) + -7?
35
What is the value of -9 + -9 + 24 + -1?
5
What is the value of (-11 - (-18 + 0) - -3 - 8) + 24?
26
What is -7 + 2 + 1047 + -1037?
5
Evaluate (5 - -1) + 1 + -12 + (-20 - -17).
-8
What is the value of 21 + -9 - (3 + -1 + -3 - -4)?
9
Calculate -1 + 14 - (434 + -418).
-3
Evaluate -30 + (44 - 11) + -32.
-29
What is the value of 3 - (-4 + 2 + -7 + (6 - 0))?
6
Evaluate -2 + 2 + (-8 + 1 - (-121 - -122)).
-8
What is 125 - 129 - (-2 + (1 - 2) + 27)?
-28
5 - (-3 + 0) - (-4 - (-2 - 2))
8
What is -1 + -6 + (1 - (0 + -5) - 3)?
-4
(-7 - (-13 - -20)) + 25
11
What is 77 + -41 - (29 - 1)?
8
What is (37 - ((7 - -1) + 5)) + -3?
21
-1 + 1 - 11 - (-239 - -235)
-7
What is 7 + -43 + (-16 - (-25 - 2))?
-25
5 - (15 + -5) - 2 - (-20 - 2)
15
Evaluate 4 + 14 + -2 + -11.
5
Evaluate (3 - 8) + 8 + (-13 - (-9 - -3)).
-4
What is the value of 0 + 19 - (30 + -19) - 10?
-2
0 - (10 - (-6 - -11)) - (-4 + -9)
8
Calculate ((-2 - 6) + 5 - -6 - 0) + -8.
-5
Evaluate -2 - (0 + -7) - (-33 - (18 + -59)).
-3
(5 - -1) + -30 + 10 + 11
-3
What is 8 - (0 - -9 - (0 + -14) - -4)?
-19
What is the value of 0 - -21 - (185 - 153)?
-11
What is the value of -33 - -33 - (14 + 2)?
-16
Calculate -9 - (6 + -4 + 1).
-12
Evaluate (-7 - 14) + -9 + 17.
-13
What is the value of 15 - (11 - (4 + (1 + 3 - 2)))?
10
What is -9 + (8 + -4 - -10) - -9?
14
Evaluate -5 + 1 - (0 - 4) - 2.
-2
Calculate -7 - (0 - 1) - (1 + (18 - 23)).
-2
Evaluate 8 - (0 - 0 - ((-26 - -9) + 13)).
4
What is 7 - (5 - (1 - -7)) - 6?
4
9 + -15 + -15 + 33
12
Calculate (18 - 2) + (16 - 10) + -12.
10
What is 9 + (-1 - -6) + 10 - (1 + 8)?
15
Calculate -3 + 14 - ((7 - 3) + -2).
9
What is -14 - (-13 + -8) - 27?
-20
-188 - -174 - (2 - 19) - (0 + 7)
-4
What is the value of (-32 - (-71 + 30)) + -4?
5
Calculate -15 - (-8 - (-1 + 2 + -2 + -2)).
-10
Calculate (-179 - -182) + -1 + -1 + -7 + 2.
-4
Calculate 1 + -4 - (-25 - -38) - (2 - -2).
-20
5 + -4 + 52 + -68
-15
What is the value of 2 + (1 - (-2 - 4)) + 125 + -124?
10
What is the value of -7 + -5 + -1 + (11 - 4)?
-6
Calculate -10 - (4 + (-13 - -9 - -6 - 8)).
-8
What is the value of (9 - -9) + -20 + -7?
-9
What is the value of (1 - -1 - (25 + -19)) + -1?
-5
Calculate 16 + -33 + 13 + 2.
-2
Calculate -22 - -18 - 1 - 7.
-12
(3 - -1) + -9 + (2 - -1) - 6
-8
Evaluate -37 + (15 - 3) - -32.
7
Evaluate -32 + 9 - (-135 + 105).
7
0 + 16 + (-225 - -218)
9
What is 13 - (11 + -8 - 4) - (7 - 1)?
8
What is the value of 6 - (23 - (3 - (4 - 8)))?
-10
What is the value of -5 + 14 + -26 + 33?
16
What is the value of 1 - (17 + -10 + -8)?
2
Calculate -2 + (13 - 12 - -3 - (5 + 1)).
-4
Calculate -43 + -17 + 23 - -10.
-27
(-36 - -10) + 83 + -70
-13
What is the value of -4 + (-11 - (5 + 0 - 11)) + 13?
4
(2 + 0 + -2 - -4) + (2 - -1)
7
What is the value of 4 - (11 + 2 + -21)?
12
Evaluate 10 + 0 - (-5 + 27).
-12
Evaluate 3 + (17 - (23 - 6)).
3
What is (1 - 23 - (-47 + 67)) + 6?
-36
Calculate 33 + -10 - 3 - 18.
2
What is the value of 11 + (-1 - -6 - 4) - 1?
11
What is 1 + 0 + (-6 - (16 + -5 + -6))?
-10
Evaluate 32 - (-7 + 24 + 9).
6
What is -45 - -35 - (-17 - 1 - 7)?
15
Evaluate 51 - 